{"id":9064,"date":"2026-01-21T12:05:19","date_gmt":"2026-01-21T11:05:19","guid":{"rendered":"https:\/\/idea-i-do.be\/?page_id=9064"},"modified":"2026-01-21T19:45:09","modified_gmt":"2026-01-21T18:45:09","slug":"services","status":"publish","type":"page","link":"https:\/\/idea-i-do.be\/index.php\/services\/","title":{"rendered":"<Services>"},"content":{"rendered":"\n<h1 class=\"wp-block-heading\"><mark style=\"background-color:rgba(0, 0, 0, 0);color:#2d828f\" class=\"has-inline-color\"><strong>De grandes id\u00e9es parfaitement r\u00e9alis\u00e9es!<\/strong><\/mark><\/h1>\n\n\n\n<p>Lancer ou d\u00e9velopper son entreprise, c\u2019est se confronter \u00e0 un monde visuel complexe. Chez IID, nous accompagnons entrepreneur\u00b7e\u00b7s et PME \u00e0 chaque \u00e9tape\u202f: de la d\u00e9finition de votre identit\u00e9 et du choix de votre nom \u00e0 la conception et production de vos supports. Vous pouvez avancer sereinement, m\u00eame si vous partez de z\u00e9ro ou avez des doutes\u202f: nous transformons les id\u00e9es en images claires, coh\u00e9rentes et expressives. Tout est pris en charge, de A \u00e0 Z, pour que vous puissiez vous concentrer sur ce qui compte vraiment\u202f: votre projet. <\/p>\n\n\n\n<h2 class=\"wp-block-heading\"><mark style=\"background-color:rgba(0, 0, 0, 0);color:#2d828f\" class=\"has-inline-color\">Nos services<\/mark> <\/h2>\n\n\n\n<div class=\"wp-block-columns is-layout-flex wp-container-core-columns-is-layout-9d6595d7 wp-block-columns-is-layout-flex\">\n<div class=\"wp-block-column is-layout-flow wp-block-column-is-layout-flow\" style=\"flex-basis:100%\">\n<div class=\"wp-block-columns is-layout-flex wp-container-core-columns-is-layout-9d6595d7 wp-block-columns-is-layout-flex\">\n<div class=\"wp-block-column is-layout-flow wp-block-column-is-layout-flow\">\n<p><strong>Strat\u00e9gie de communication<\/strong><br><br><strong>Accompagnement au positionnement<\/strong><br><br><strong>Charte et univers graphique<\/strong><br><br><strong>Direction artistique<\/strong><\/p>\n<\/div>\n\n\n\n<div class=\"wp-block-column is-layout-flow wp-block-column-is-layout-flow\">\n<p><strong>Identit\u00e9 \/ Image de marque<\/strong><br><br><strong>Conception graphique<\/strong> tous supports print <br><br><strong>Refonte graphique<\/strong><br><br><strong>Packaging<\/strong><br><br><strong>Signal\u00e9tique<\/strong><br><br><strong>Mod\u00e8les r\u00e9seaux sociaux<\/strong><\/p>\n<\/div>\n\n\n\n<div class=\"wp-block-column is-layout-flow wp-block-column-is-layout-flow\">\n<p><strong>Service pr\u00e9-presse<\/strong> (entrepreneur et agences)<br><br><strong>Personnalisation d&rsquo;objets<\/strong><br><br><strong>Impression<\/strong> tous supports<br><br><strong>Impression grands formats<\/strong> et supports pour l&rsquo;\u00e9v\u00e8nementiel<br><br><\/p>\n<\/div>\n<\/div>\n\n\n\n<div class=\"wp-block-columns is-layout-flex wp-container-core-columns-is-layout-9d6595d7 wp-block-columns-is-layout-flex\">\n<div class=\"wp-block-column is-layout-flow wp-block-column-is-layout-flow\"><\/div>\n\n\n\n<div class=\"wp-block-column is-layout-flow wp-block-column-is-layout-flow\"><\/div>\n\n\n\n<div class=\"wp-block-column is-layout-flow wp-block-column-is-layout-flow\"><\/div>\n<\/div>\n<\/div>\n\n\n\n<div class=\"wp-block-column is-layout-flow wp-block-column-is-layout-flow\"><\/div>\n<\/div>\n","protected":false},"excerpt":{"rendered":"<p>De grandes id\u00e9es parfaitement r\u00e9alis\u00e9es! Lancer ou d\u00e9velopper son entreprise, c\u2019est se confronter \u00e0 un monde visuel complexe. Chez IID, nous accompagnons entrepreneur\u00b7e\u00b7s et PME \u00e0 chaque \u00e9tape\u202f: de la d\u00e9finition de votre identit\u00e9 et du choix de votre nom \u00e0 la conception et production de vos supports. Vous pouvez avancer sereinement, m\u00eame si vous &hellip; <\/p>\n<p class=\"link-more\"><a href=\"https:\/\/idea-i-do.be\/index.php\/services\/\" class=\"more-link\">Continuer la lecture<span class=\"screen-reader-text\"> de &laquo;&nbsp;<Services>&nbsp;&raquo;<\/span><\/a><\/p>\n","protected":false},"author":1,"featured_media":0,"parent":0,"menu_order":0,"comment_status":"closed","ping_status":"closed","template":"","meta":{"_monsterinsights_skip_tracking":false,"_monsterinsights_sitenote_active":false,"_monsterinsights_sitenote_note":"","_monsterinsights_sitenote_category":0,"footnotes":""},"class_list":["post-9064","page","type-page","status-publish","hentry"],"jetpack_sharing_enabled":true,"jetpack_shortlink":"https:\/\/wp.me\/P9OY7q-2mc","jetpack-related-posts":[{"id":28,"url":"https:\/\/idea-i-do.be\/","url_meta":{"origin":9064,"position":0},"title":"IID est un studio de\u2026","author":"Melanie Splaingaire","date":"10 ao\u00fbt 2017","format":false,"excerpt":"IID est un studio de conseil, de conception et de production de supports visuels. O\u00f9 que vous soyez en ce moment pr\u00e9cis, posez quelques instants le regard sur ce qui vous entoure...Nous sommes sans cesse entour\u00e9s d'images. Qu'il s'agisse de publicit\u00e9, d'images g\u00e9n\u00e9r\u00e9es, de d\u00e9coration, de cr\u00e9ations artistiques, d'objets personnalis\u00e9s...\u2026","rel":"","context":"Article similaire","block_context":{"text":"Article similaire","link":""},"img":{"alt_text":"","src":"","width":0,"height":0},"classes":[]},{"id":219,"url":"https:\/\/idea-i-do.be\/index.php\/accueil-2\/","url_meta":{"origin":9064,"position":1},"title":"","author":"Melanie Splaingaire","date":"11 janvier 2018","format":false,"excerpt":"IID est un studio de conseil, de conception et de production de supports visuels, \u00e0 destination des entrepreneurs et PME. O\u00f9 que vous soyez en ce moment pr\u00e9cis, posez quelques instants le regard sur ce qui vous entoure...Nous sommes sans cesse entour\u00e9s d'images. Qu'il s'agisse de publicit\u00e9, d'images g\u00e9n\u00e9r\u00e9es, de\u2026","rel":"","context":"Article similaire","block_context":{"text":"Article similaire","link":""},"img":{"alt_text":"","src":"","width":0,"height":0},"classes":[]},{"id":149,"url":"https:\/\/idea-i-do.be\/index.php\/service-aux-independants\/","url_meta":{"origin":9064,"position":2},"title":"Service aux entrepreneurs","author":"Melanie Splaingaire","date":"31 ao\u00fbt 2017","format":false,"excerpt":"Vous vous installez et avez besoin d\u2019un logo pro et efficace? Vous souhaitez relooker votre image? Vous \u00eates bient\u00f4t \u00e0 court de cartes de visite? Vous aimeriez un panneau ou tout autre support mettant davantage en avant votre activit\u00e9? Un flyer pour annoncer votre prochain \u00e9v\u00e8nement ou plut\u00f4t une invitation\u2026","rel":"","context":"Article similaire","block_context":{"text":"Article similaire","link":""},"img":{"alt_text":"","src":"","width":0,"height":0},"classes":[]},{"id":9056,"url":"https:\/\/idea-i-do.be\/index.php\/a-propos\/","url_meta":{"origin":9064,"position":3},"title":"","author":"Melanie Splaingaire","date":"21 janvier 2026","format":false,"excerpt":"Idea I do apporte un regard et veille \u00e0 une coh\u00e9rence et une exigence dans la conception et la production de vos supports visuels. IDEA:c\u2019est \u00a0l\u2019aspect cr\u00e9atif, strat\u00e9gique, l\u2019apport d\u2019une id\u00e9e, d\u2019un concept \u00e0 traduire en image(s) ou bien l\u2019adaptation graphique qui r\u00e9pond au mieux \u00e0 votre envie de d\u00e9part.\u2026","rel":"","context":"Article similaire","block_context":{"text":"Article similaire","link":""},"img":{"alt_text":"","src":"https:\/\/i0.wp.com\/idea-i-do.be\/wp-content\/uploads\/2018\/04\/majordome.jpg?fit=1200%2C789&ssl=1&resize=350%2C200","width":350,"height":200,"srcset":"https:\/\/i0.wp.com\/idea-i-do.be\/wp-content\/uploads\/2018\/04\/majordome.jpg?fit=1200%2C789&ssl=1&resize=350%2C200 1x, https:\/\/i0.wp.com\/idea-i-do.be\/wp-content\/uploads\/2018\/04\/majordome.jpg?fit=1200%2C789&ssl=1&resize=525%2C300 1.5x, https:\/\/i0.wp.com\/idea-i-do.be\/wp-content\/uploads\/2018\/04\/majordome.jpg?fit=1200%2C789&ssl=1&resize=700%2C400 2x, https:\/\/i0.wp.com\/idea-i-do.be\/wp-content\/uploads\/2018\/04\/majordome.jpg?fit=1200%2C789&ssl=1&resize=1050%2C600 3x"},"classes":[]},{"id":141,"url":"https:\/\/idea-i-do.be\/index.php\/service-aux-particuliers-2\/","url_meta":{"origin":9064,"position":4},"title":"Service aux particuliers","author":"Melanie Splaingaire","date":"31 ao\u00fbt 2017","format":false,"excerpt":"Vous vous mariez ou souhaitez faire part de la naissance de votre petit dernier? Vous avez besoin de t-shirts imprim\u00e9s pour un enterrement de vie de jeune fille\/gar\u00e7on? ... Un mug, un sac, des bics, des badges ou tout autre objet personnalis\u00e9?","rel":"","context":"Article similaire","block_context":{"text":"Article similaire","link":""},"img":{"alt_text":"","src":"","width":0,"height":0},"classes":[]},{"id":151,"url":"https:\/\/idea-i-do.be\/index.php\/service-aux-pros-de-limage\/","url_meta":{"origin":9064,"position":5},"title":"Service aux pros de l&rsquo;image","author":"Melanie Splaingaire","date":"31 ao\u00fbt 2017","format":false,"excerpt":"Vous \u00eates imprimeur, agence publicitaire ou autre professionnel du secteur graphique, et cherchez un nouveau partenaire pour effectuer vos travaux de pr\u00e9-press, quelques compositions graphiques ou encore pour un simple renfort en p\u00e9riode charg\u00e9e?","rel":"","context":"Article similaire","block_context":{"text":"Article similaire","link":""},"img":{"alt_text":"","src":"","width":0,"height":0},"classes":[]}],"jetpack_likes_enabled":true,"_links":{"self":[{"href":"https:\/\/idea-i-do.be\/index.php\/wp-json\/wp\/v2\/pages\/9064","targetHints":{"allow":["GET"]}}],"collection":[{"href":"https:\/\/idea-i-do.be\/index.php\/wp-json\/wp\/v2\/pages"}],"about":[{"href":"https:\/\/idea-i-do.be\/index.php\/wp-json\/wp\/v2\/types\/page"}],"author":[{"embeddable":true,"href":"https:\/\/idea-i-do.be\/index.php\/wp-json\/wp\/v2\/users\/1"}],"replies":[{"embeddable":true,"href":"https:\/\/idea-i-do.be\/index.php\/wp-json\/wp\/v2\/comments?post=9064"}],"version-history":[{"count":16,"href":"https:\/\/idea-i-do.be\/index.php\/wp-json\/wp\/v2\/pages\/9064\/revisions"}],"predecessor-version":[{"id":9172,"href":"https:\/\/idea-i-do.be\/index.php\/wp-json\/wp\/v2\/pages\/9064\/revisions\/9172"}],"wp:attachment":[{"href":"https:\/\/idea-i-do.be\/index.php\/wp-json\/wp\/v2\/media?parent=9064"}],"curies":[{"name":"wp","href":"https:\/\/api.w.org\/{rel}","templated":true}]}}

<h1 class="wp-block-heading"><mark style="background-color:rgba(0, 0, 0, 0);color:#2d828f" class="has-inline-color"><strong>De grandes idées parfaitement réalisées!</strong></mark></h1>



<p>Lancer ou développer son entreprise, c’est se confronter à un monde visuel complexe. Chez IID, nous accompagnons entrepreneur·e·s et PME à chaque étape : de la définition de votre identité et du choix de votre nom à la conception et production de vos supports. Vous pouvez avancer sereinement, même si vous partez de zéro ou avez des doutes : nous transformons les idées en images claires, cohérentes et expressives. Tout est pris en charge, de A à Z, pour que vous puissiez vous concentrer sur ce qui compte vraiment : votre projet. </p>



<h2 class="wp-block-heading"><mark style="background-color:rgba(0, 0, 0, 0);color:#2d828f" class="has-inline-color">Nos services</mark> </h2>



<div class="wp-block-columns is-layout-flex wp-container-core-columns-is-layout-9d6595d7 wp-block-columns-is-layout-flex">
<div class="wp-block-column is-layout-flow wp-block-column-is-layout-flow" style="flex-basis:100%">
<div class="wp-block-columns is-layout-flex wp-container-core-columns-is-layout-9d6595d7 wp-block-columns-is-layout-flex">
<div class="wp-block-column is-layout-flow wp-block-column-is-layout-flow">
<p><strong>Stratégie de communication</strong><br><br><strong>Accompagnement au positionnement</strong><br><br><strong>Charte et univers graphique</strong><br><br><strong>Direction artistique</strong></p>
</div>



<div class="wp-block-column is-layout-flow wp-block-column-is-layout-flow">
<p><strong>Identité / Image de marque</strong><br><br><strong>Conception graphique</strong> tous supports print <br><br><strong>Refonte graphique</strong><br><br><strong>Packaging</strong><br><br><strong>Signalétique</strong><br><br><strong>Modèles réseaux sociaux</strong></p>
</div>



<div class="wp-block-column is-layout-flow wp-block-column-is-layout-flow">
<p><strong>Service pré-presse</strong> (entrepreneur et agences)<br><br><strong>Personnalisation d&rsquo;objets</strong><br><br><strong>Impression</strong> tous supports<br><br><strong>Impression grands formats</strong> et supports pour l&rsquo;évènementiel<br><br></p>
</div>
</div>



<div class="wp-block-columns is-layout-flex wp-container-core-columns-is-layout-9d6595d7 wp-block-columns-is-layout-flex">
<div class="wp-block-column is-layout-flow wp-block-column-is-layout-flow"></div>



<div class="wp-block-column is-layout-flow wp-block-column-is-layout-flow"></div>



<div class="wp-block-column is-layout-flow wp-block-column-is-layout-flow"></div>
</div>
</div>



<div class="wp-block-column is-layout-flow wp-block-column-is-layout-flow"></div>
</div>

<p>De grandes idées parfaitement réalisées! Lancer ou développer son entreprise, c’est se confronter à un monde visuel complexe. Chez IID, nous accompagnons entrepreneur·e·s et PME à chaque étape : de la définition de votre identité et du choix de votre nom à la conception et production de vos supports. Vous pouvez avancer sereinement, même si vous &hellip; </p>
<p class="link-more"><a href="https://idea-i-do.be/index.php/services/" class="more-link">Continuer la lecture<span class="screen-reader-text"> de &laquo;&nbsp;<Services>&nbsp;&raquo;</span></a></p>

10 août 2017

IID est un studio de conseil, de conception et de production de supports visuels. Où que vous soyez en ce moment précis, posez quelques instants le regard sur ce qui vous entoure...Nous sommes sans cesse entourés d'images. Qu'il s'agisse de publicité, d'images générées, de décoration, de créations artistiques, d'objets personnalisés...…

IID est un studio de conseil, de conception et de production de supports visuels, à destination des entrepreneurs et PME. Où que vous soyez en ce moment précis, posez quelques instants le regard sur ce qui vous entoure...Nous sommes sans cesse entourés d'images. Qu'il s'agisse de publicité, d'images générées, de…

31 août 2017

Vous vous installez et avez besoin d’un logo pro et efficace? Vous souhaitez relooker votre image? Vous êtes bientôt à court de cartes de visite? Vous aimeriez un panneau ou tout autre support mettant davantage en avant votre activité? Un flyer pour annoncer votre prochain évènement ou plutôt une invitation…

Idea I do apporte un regard et veille à une cohérence et une exigence dans la conception et la production de vos supports visuels. IDEA:c’est  l’aspect créatif, stratégique, l’apport d’une idée, d’un concept à traduire en image(s) ou bien l’adaptation graphique qui répond au mieux à votre envie de départ.…

Vous vous mariez ou souhaitez faire part de la naissance de votre petit dernier? Vous avez besoin de t-shirts imprimés pour un enterrement de vie de jeune fille/garçon? ... Un mug, un sac, des bics, des badges ou tout autre objet personnalisé?

Vous êtes imprimeur, agence publicitaire ou autre professionnel du secteur graphique, et cherchez un nouveau partenaire pour effectuer vos travaux de pré-press, quelques compositions graphiques ou encore pour un simple renfort en période chargée?
